{"id":34,"date":"2014-05-11T11:09:48","date_gmt":"2014-05-11T09:09:48","guid":{"rendered":"http:\/\/markus-laptop\/opheus6\/?page_id=34"},"modified":"2016-01-13T21:45:20","modified_gmt":"2016-01-13T19:45:20","slug":"lizenz","status":"publish","type":"page","link":"https:\/\/www.opheus.de\/?page_id=34","title":{"rendered":"Lizenz"},"content":{"rendered":"<p>In den folgenden Lizenz- und Nutzungsbedingungen wird das Produkt als Ganzes &#8222;SOFTWARE&#8220; genannt. Dies schlie\u00dft die GUI (Graphical User Interface) und alle dazugeh\u00f6rigen Komponenten und\/oder Softwarebestandteile ein, die diesem Produkt beiliegen.<\/p>\n<p><span style=\"text-decoration: underline;\"><strong>1. LIZENZGEW\u00c4HRUNG<\/strong><\/span><br \/>\nUnter der Voraussetzung, dass Sie alle Bestimmungen dieser Lizenz einhalten, werden Ihnen folgende Rechte gew\u00e4hrt:<\/p>\n<p><span style=\"text-decoration: underline;\"><strong>1.1\u00a0INSTALLATION UND VERWENDUNG<\/strong><\/span><br \/>\nSie sind berechtigt, beliebig viele Kopien der SOFTWARE auf einem PC oder einem anderen Ger\u00e4t zu installieren und zu verwenden.<br \/>\nOhne die &#8222;richtigen&#8220; Verschl\u00fcsselungsinformationen (Passworts\u00e4tze und Matrix) ist ein Entschl\u00fcsseln von verschl\u00fcsselten Dateien nicht mehr m\u00f6glich (symmetrische Verschl\u00fcsselung). Die sichere Aufbewahrung dieser Informationen liegt in der Verantwortung des Benutzers.<\/p>\n<p><span style=\"text-decoration: underline;\"><strong>1.2\u00a0WEITERGABE DER\u00a0SOFTWARE<\/strong><\/span><br \/>\nDie SOFTWARE darf nur als &#8222;GANZES&#8220; frei weiterkopiert werden. Die Weitergabe von Teilen in jeglicher Art ist nicht gestattet. Links d\u00fcrfen nur auf OPHEUS-Internetseiten gelegt werden, aber nicht auf einzelne Dateien im Download-Bereich. Dies gilt nicht zur Weitergabe auf Download-Portalen. Betreiber von Download-Portalen d\u00fcrfen Links auch auf einzelne Dateien im Download-Bereich legen.<br \/>\nDie SOFTWARE ist kostenlos und darf nicht als kostenpflichtiges, kommerzielles Produkt selbst verkauft werden. Die SOFTWARE darf aber als Bestandteil von kostenpflichtigen, kommerziellen Produkten weitergegeben werden. In solchen F\u00e4llen muss darauf hingewiesen werden, dass der Erwerb und die Nutzung dieser SOFTWARE selbst kostenlos sind. Zudem muss die Bezugsquelle (www.opheus.de) angegeben werden. F\u00fcr den Support sind ausschlie\u00dflich Sie verantwortlich. Sie tragen auch das Risiko bei evtl. entstandenen Datei- oder Nutzungssch\u00e4den, sofern Sie dieses Risiko nicht ausdr\u00fccklich an Ihre Kunden weitergegeben haben.<\/p>\n<p><span style=\"text-decoration: underline;\"><strong>1.3 RECHTE F\u00dcR SPEICHERUNG\/NETZWERKVERWENDUNG<\/strong><\/span><br \/>\nDie Weitergabe darf auch von eigenen Servern erfolgen. Laden Sie sich hierf\u00fcr die SOFTWARE von der offiziellen OPHEUS-Seite (www.opheus.de) und stellen Sie die SOFTWARE auf Ihren Internetseiten zur Verf\u00fcgung. Hierbei darf die SOFTWARE nur als &#8222;GANZES&#8220; weitergegeben werden. Zudem m\u00fcssen Sie einen Link auf die offizielle OPHEUS-Internetseite (www.opheus.de) bereitstellen.<\/p>\n<p><span style=\"text-decoration: underline;\"><strong>2. RECHTS- UND EIGENTUMSVORBEHALT<\/strong><\/span><br \/>\nDer Autor dieser SOFTWARE beh\u00e4lt sich alle Ihnen in dieser Lizenz nicht ausdr\u00fccklich gew\u00e4hrten Rechte vor. Die SOFTWARE ist durch Urheberrechtsgesetze und durch andere Gesetzte und Abkommen \u00fcber geistiges Eigentum gesch\u00fctzt. Der Autor h\u00e4lt das Eigentum, Urheberrecht und andere Schutzrechte an dieser SOFTWARE. Die SOFTWARE wird lizenziert, nicht verkauft. Diese Lizenz gew\u00e4hrt Ihnen keinerlei Rechte an Marken oder Dienstleistungsmarken des Autors.<\/p>\n<p><span style=\"text-decoration: underline;\"><strong>3. EINSCHR\u00c4NKUNGEN IM HINBLICK AUF ZUR\u00dcCKENTWICKLUNG (REVERSE ENGINEERING), DEKOMPILIERUNG UND DISASSEMBLIERUNG<\/strong><\/span><br \/>\nSie sind nicht berechtigt, die SOFTWARE zur\u00fcckzuentwickeln, zu dekompilieren oder zu disassemblieren und\/oder in eigener Software zu verwenden, es sei denn, dass Ihnen dieses Recht an anderer Stelle in dieser Lizenz gew\u00e4hrt wird.<\/p>\n<p><span style=\"text-decoration: underline;\"><strong>4. PRODUKTSUPPORT<\/strong><\/span><br \/>\nProduktsupport wird momentan ausschlie\u00dflich \u00fcber e-mail angeboten. Der Autor ist bem\u00fcht, Supportanfragen \u00fcber e-mail zeitnah zu bearbeiten. Eine sofortige Bearbeitung wird aber nicht garantiert.<\/p>\n<p><span style=\"text-decoration: underline;\"><strong>5. COPYRIGHTINFORMATIONEN<\/strong><\/span><br \/>\nCopyrightinformationen d\u00fcrfen nicht entfernt oder ge\u00e4ndert werden. Markennamen, die in Beschreibungen, Texten und Publikationen jeglicher Art verwendet werden, geh\u00f6ren den jeweiligen Eigent\u00fcmern.<\/p>\n<p><span style=\"text-decoration: underline;\"><strong>6. NUTZUNGSEINSCHR\u00c4NKUNGEN<\/strong><\/span><br \/>\nDie Software darf nur in L\u00e4ndern verwendet werden, in denen die Rechtsbestimmungen den Einsatz einer 2048-Bit oder h\u00f6heren Verschl\u00fcsselungssoftware erlauben.<\/p>\n<p><span style=\"text-decoration: underline;\"><strong>7. ENTWICKLUNG\/WEITERENTWICKLUNG<\/strong><\/span><br \/>\nZum Ausf\u00fchren dieser Software ist mindestens Windows\u00ae Server 2008 R2 notwendig. Der Autor beh\u00e4lt sich das Recht vor, zuk\u00fcnftige Versionen dieser SOFTWARE ausschlie\u00dflich f\u00fcr den Einsatz unter Windows\u00ae 7 und\/oder h\u00f6her bereitzustellen.<\/p>\n<p><span style=\"text-decoration: underline;\"><strong>8. HAFTUNGSBESCHR\u00c4NGUNGEN<\/strong><\/span><br \/>\nF\u00fcr eventuelle Sch\u00e4den und Nutzungsausf\u00e4lle an Dateien und Betriebssystem, die durch die Nutzung dieser SOFTWARE eintreten, ist ausschlie\u00dflich der Benutzer dieser SOFTWARE verantwortlich. Der Autor ist bem\u00fcht, die SOFTWARE fehlerfrei bereitzustellen. Eine Garantie daf\u00fcr wird aber nicht gegeben.<\/p>\n<p>Irrt\u00fcmer und\/oder \u00c4nderungen sind ausdr\u00fccklich vorbehalten!<\/p>\n<p>Bei Verwendung oder Benutzung dieser Software, erkennt der Benutzer diese Lizenz- und Nutzungsbedingungen an.<\/p>\n","protected":false},"excerpt":{"rendered":"<p>In den folgenden Lizenz- und Nutzungsbedingungen wird das Produkt als Ganzes &#8222;SOFTWARE&#8220; genannt. Dies schlie\u00dft die GUI (Graphical User Interface) und alle dazugeh\u00f6rigen Komponenten und\/oder Softwarebestandteile ein, die diesem Produkt beiliegen. 1. LIZENZGEW\u00c4HRUNG Unter der Voraussetzung, dass Sie alle Bestimmungen dieser Lizenz einhalten, werden Ihnen folgende Rechte gew\u00e4hrt: 1.1\u00a0INSTALLATION UND VERWENDUNG Sie sind berechtigt, beliebig [&hellip;]<\/p>\n","protected":false},"author":1,"featured_media":0,"parent":0,"menu_order":0,"comment_status":"closed","ping_status":"closed","template":"templates\/template-full-notitle.php","meta":{"footnotes":""},"_links":{"self":[{"href":"https:\/\/www.opheus.de\/index.php?rest_route=\/wp\/v2\/pages\/34"}],"collection":[{"href":"https:\/\/www.opheus.de\/index.php?rest_route=\/wp\/v2\/pages"}],"about":[{"href":"https:\/\/www.opheus.de\/index.php?rest_route=\/wp\/v2\/types\/page"}],"author":[{"embeddable":true,"href":"https:\/\/www.opheus.de\/index.php?rest_route=\/wp\/v2\/users\/1"}],"replies":[{"embeddable":true,"href":"https:\/\/www.opheus.de\/index.php?rest_route=%2Fwp%2Fv2%2Fcomments&post=34"}],"version-history":[{"count":5,"href":"https:\/\/www.opheus.de\/index.php?rest_route=\/wp\/v2\/pages\/34\/revisions"}],"predecessor-version":[{"id":144,"href":"https:\/\/www.opheus.de\/index.php?rest_route=\/wp\/v2\/pages\/34\/revisions\/144"}],"wp:attachment":[{"href":"https:\/\/www.opheus.de\/index.php?rest_route=%2Fwp%2Fv2%2Fmedia&parent=34"}],"curies":[{"name":"wp","href":"https:\/\/api.w.org\/{rel}","templated":true}]}}